{"id":7,"date":"2019-02-13T10:57:44","date_gmt":"2019-02-13T09:57:44","guid":{"rendered":"http:\/\/pierrequiroulegarage.fr\/?page_id=7"},"modified":"2024-07-01T11:27:56","modified_gmt":"2024-07-01T09:27:56","slug":"accueil","status":"publish","type":"page","link":"https:\/\/pierrequiroulegarage.fr\/","title":{"rendered":"Bienvenue chez Pierre qui roule Garage"},"content":{"rendered":"\n<p>&nbsp;<\/p>\n\n\n<p style=\"text-align: justify;\">Apr\u00e8s avoir \u00e9t\u00e9 m\u00e9canicien et \u00e9lectricien dans la comp\u00e9tition automobile pendant plus de 15 ans, Pierre, entretient, r\u00e9pare et r\u00e9nove des v\u00e9hicules avec passion et enthousiasme.<\/p>\n<p style=\"text-align: justify;\">Vous \u00eates propri\u00e9taire d&rsquo;un v\u00e9hicule ancien ou d&rsquo;une Mini essence, et vous recherchez un m\u00e9canicien sp\u00e9cialis\u00e9 pour l&rsquo;entretien et la r\u00e9paration de votre voiture ?<\/p>\n<p>Vous d\u00e9sirez faire entretenir votre\u00a0 v\u00e9hicule hybride, ou votre voiture \u00e9lectrique ? Pierre qui roule Garage fait partie du r\u00e9seau des <a href=\"https:\/\/revolte.club\/\">Garages Branch\u00e9s By Revolte<\/a> et s&rsquo;engage \u00e0 vous offrir un service de qualit\u00e9 \u00e0 la hauteur de vos attentes dans ce domaine tr\u00e8s technique.<\/p>\n<p style=\"text-align: justify;\">Enfin, vous habitez Quinsac ou les environs et cherchez tout simplement un m\u00e9canicien de confiance pour la r\u00e9paration ou l&rsquo;entretien de votre voiture ?<\/p>\n<p><a href=\"https:\/\/pierrequiroulegarage.fr\/index.php\/contact\/\">Contactez Pierre qui roule Garage !<\/a><\/p>\n\n\n<div class=\"wp-block-jetpack-slideshow aligncenter is-style-rectangular\" data-effect=\"slide\"><div class=\"wp-block-jetpack-slideshow_container swiper-container\"><ul class=\"wp-block-jetpack-slideshow_swiper-wrapper swiper-wrapper\"><li class=\"wp-block-jetpack-slideshow_slide swiper-slide\"><figure><img data-recalc-dims=\"1\" loading=\"lazy\" decoding=\"async\" width=\"840\" height=\"790\" alt=\"\" class=\"wp-block-jetpack-slideshow_image wp-image-1453\" data-id=\"1453\" src=\"https:\/\/i0.wp.com\/pierrequiroulegarage.fr\/wp-content\/uploads\/2024\/07\/IMG_0059-scaled.jpg?resize=840%2C790&#038;ssl=1\" srcset=\"https:\/\/i0.wp.com\/pierrequiroulegarage.fr\/wp-content\/uploads\/2024\/07\/IMG_0059-scaled.jpg?w=2560&amp;ssl=1 2560w, https:\/\/i0.wp.com\/pierrequiroulegarage.fr\/wp-content\/uploads\/2024\/07\/IMG_0059-scaled.jpg?resize=300%2C282&amp;ssl=1 300w, https:\/\/i0.wp.com\/pierrequiroulegarage.fr\/wp-content\/uploads\/2024\/07\/IMG_0059-scaled.jpg?resize=1024%2C963&amp;ssl=1 1024w, https:\/\/i0.wp.com\/pierrequiroulegarage.fr\/wp-content\/uploads\/2024\/07\/IMG_0059-scaled.jpg?resize=768%2C722&amp;ssl=1 768w, https:\/\/i0.wp.com\/pierrequiroulegarage.fr\/wp-content\/uploads\/2024\/07\/IMG_0059-scaled.jpg?resize=1536%2C1444&amp;ssl=1 1536w, https:\/\/i0.wp.com\/pierrequiroulegarage.fr\/wp-content\/uploads\/2024\/07\/IMG_0059-scaled.jpg?resize=2048%2C1926&amp;ssl=1 2048w, https:\/\/i0.wp.com\/pierrequiroulegarage.fr\/wp-content\/uploads\/2024\/07\/IMG_0059-scaled.jpg?resize=800%2C752&amp;ssl=1 800w, https:\/\/i0.wp.com\/pierrequiroulegarage.fr\/wp-content\/uploads\/2024\/07\/IMG_0059-scaled.jpg?resize=191%2C180&amp;ssl=1 191w, https:\/\/i0.wp.com\/pierrequiroulegarage.fr\/wp-content\/uploads\/2024\/07\/IMG_0059-scaled.jpg?w=1680&amp;ssl=1 1680w\" sizes=\"(max-width: 840px) 100vw, 840px\" \/><\/figure><\/li><li class=\"wp-block-jetpack-slideshow_slide swiper-slide\"><figure><img data-recalc-dims=\"1\" loading=\"lazy\" decoding=\"async\" width=\"840\" height=\"840\" alt=\"\" class=\"wp-block-jetpack-slideshow_image wp-image-1451\" data-id=\"1451\" src=\"https:\/\/i0.wp.com\/pierrequiroulegarage.fr\/wp-content\/uploads\/2024\/07\/4-100.jpg?resize=840%2C840&#038;ssl=1\" srcset=\"https:\/\/i0.wp.com\/pierrequiroulegarage.fr\/wp-content\/uploads\/2024\/07\/4-100.jpg?w=1081&amp;ssl=1 1081w, https:\/\/i0.wp.com\/pierrequiroulegarage.fr\/wp-content\/uploads\/2024\/07\/4-100.jpg?resize=300%2C300&amp;ssl=1 300w, https:\/\/i0.wp.com\/pierrequiroulegarage.fr\/wp-content\/uploads\/2024\/07\/4-100.jpg?resize=1024%2C1024&amp;ssl=1 1024w, https:\/\/i0.wp.com\/pierrequiroulegarage.fr\/wp-content\/uploads\/2024\/07\/4-100.jpg?resize=150%2C150&amp;ssl=1 150w, https:\/\/i0.wp.com\/pierrequiroulegarage.fr\/wp-content\/uploads\/2024\/07\/4-100.jpg?resize=768%2C768&amp;ssl=1 768w, https:\/\/i0.wp.com\/pierrequiroulegarage.fr\/wp-content\/uploads\/2024\/07\/4-100.jpg?resize=800%2C800&amp;ssl=1 800w, https:\/\/i0.wp.com\/pierrequiroulegarage.fr\/wp-content\/uploads\/2024\/07\/4-100.jpg?resize=180%2C180&amp;ssl=1 180w, https:\/\/i0.wp.com\/pierrequiroulegarage.fr\/wp-content\/uploads\/2024\/07\/4-100.jpg?resize=50%2C50&amp;ssl=1 50w\" sizes=\"(max-width: 840px) 100vw, 840px\" \/><\/figure><\/li><li class=\"wp-block-jetpack-slideshow_slide swiper-slide\"><figure><img data-recalc-dims=\"1\" loading=\"lazy\" decoding=\"async\" width=\"840\" height=\"529\" alt=\"\" class=\"wp-block-jetpack-slideshow_image wp-image-1380\" data-id=\"1380\" src=\"https:\/\/i0.wp.com\/pierrequiroulegarage.fr\/wp-content\/uploads\/2024\/02\/IMG_9761-scaled.jpg?resize=840%2C529&#038;ssl=1\" srcset=\"https:\/\/i0.wp.com\/pierrequiroulegarage.fr\/wp-content\/uploads\/2024\/02\/IMG_9761-scaled.jpg?w=2560&amp;ssl=1 2560w, https:\/\/i0.wp.com\/pierrequiroulegarage.fr\/wp-content\/uploads\/2024\/02\/IMG_9761-scaled.jpg?resize=300%2C189&amp;ssl=1 300w, https:\/\/i0.wp.com\/pierrequiroulegarage.fr\/wp-content\/uploads\/2024\/02\/IMG_9761-scaled.jpg?resize=1024%2C644&amp;ssl=1 1024w, https:\/\/i0.wp.com\/pierrequiroulegarage.fr\/wp-content\/uploads\/2024\/02\/IMG_9761-scaled.jpg?resize=768%2C483&amp;ssl=1 768w, https:\/\/i0.wp.com\/pierrequiroulegarage.fr\/wp-content\/uploads\/2024\/02\/IMG_9761-scaled.jpg?resize=1536%2C967&amp;ssl=1 1536w, https:\/\/i0.wp.com\/pierrequiroulegarage.fr\/wp-content\/uploads\/2024\/02\/IMG_9761-scaled.jpg?resize=2048%2C1289&amp;ssl=1 2048w, https:\/\/i0.wp.com\/pierrequiroulegarage.fr\/wp-content\/uploads\/2024\/02\/IMG_9761-scaled.jpg?resize=800%2C503&amp;ssl=1 800w, https:\/\/i0.wp.com\/pierrequiroulegarage.fr\/wp-content\/uploads\/2024\/02\/IMG_9761-scaled.jpg?resize=286%2C180&amp;ssl=1 286w, https:\/\/i0.wp.com\/pierrequiroulegarage.fr\/wp-content\/uploads\/2024\/02\/IMG_9761-scaled.jpg?w=1680&amp;ssl=1 1680w\" sizes=\"(max-width: 840px) 100vw, 840px\" \/><\/figure><\/li><li class=\"wp-block-jetpack-slideshow_slide swiper-slide\"><figure><img data-recalc-dims=\"1\" loading=\"lazy\" decoding=\"async\" width=\"840\" height=\"630\" alt=\"\" class=\"wp-block-jetpack-slideshow_image wp-image-1331\" data-id=\"1331\" src=\"https:\/\/i0.wp.com\/pierrequiroulegarage.fr\/wp-content\/uploads\/2023\/10\/IMG_9550-scaled.jpg?resize=840%2C630&#038;ssl=1\" srcset=\"https:\/\/i0.wp.com\/pierrequiroulegarage.fr\/wp-content\/uploads\/2023\/10\/IMG_9550-scaled.jpg?w=2560&amp;ssl=1 2560w, https:\/\/i0.wp.com\/pierrequiroulegarage.fr\/wp-content\/uploads\/2023\/10\/IMG_9550-scaled.jpg?resize=300%2C225&amp;ssl=1 300w, https:\/\/i0.wp.com\/pierrequiroulegarage.fr\/wp-content\/uploads\/2023\/10\/IMG_9550-scaled.jpg?resize=1024%2C768&amp;ssl=1 1024w, https:\/\/i0.wp.com\/pierrequiroulegarage.fr\/wp-content\/uploads\/2023\/10\/IMG_9550-scaled.jpg?resize=768%2C576&amp;ssl=1 768w, https:\/\/i0.wp.com\/pierrequiroulegarage.fr\/wp-content\/uploads\/2023\/10\/IMG_9550-scaled.jpg?resize=1536%2C1152&amp;ssl=1 1536w, https:\/\/i0.wp.com\/pierrequiroulegarage.fr\/wp-content\/uploads\/2023\/10\/IMG_9550-scaled.jpg?resize=2048%2C1536&amp;ssl=1 2048w, https:\/\/i0.wp.com\/pierrequiroulegarage.fr\/wp-content\/uploads\/2023\/10\/IMG_9550-scaled.jpg?resize=400%2C300&amp;ssl=1 400w, https:\/\/i0.wp.com\/pierrequiroulegarage.fr\/wp-content\/uploads\/2023\/10\/IMG_9550-scaled.jpg?resize=800%2C600&amp;ssl=1 800w, https:\/\/i0.wp.com\/pierrequiroulegarage.fr\/wp-content\/uploads\/2023\/10\/IMG_9550-scaled.jpg?resize=240%2C180&amp;ssl=1 240w, https:\/\/i0.wp.com\/pierrequiroulegarage.fr\/wp-content\/uploads\/2023\/10\/IMG_9550-scaled.jpg?w=1680&amp;ssl=1 1680w\" sizes=\"(max-width: 840px) 100vw, 840px\" \/><\/figure><\/li><li class=\"wp-block-jetpack-slideshow_slide swiper-slide\"><figure><img data-recalc-dims=\"1\" loading=\"lazy\" decoding=\"async\" width=\"840\" height=\"630\" alt=\"\" class=\"wp-block-jetpack-slideshow_image wp-image-429\" data-id=\"429\" src=\"https:\/\/i0.wp.com\/pierrequiroulegarage.fr\/wp-content\/uploads\/2019\/07\/IMG_6575.jpg?resize=840%2C630&#038;ssl=1\" srcset=\"https:\/\/i0.wp.com\/pierrequiroulegarage.fr\/wp-content\/uploads\/2019\/07\/IMG_6575.jpg?w=3264&amp;ssl=1 3264w, https:\/\/i0.wp.com\/pierrequiroulegarage.fr\/wp-content\/uploads\/2019\/07\/IMG_6575.jpg?resize=300%2C225&amp;ssl=1 300w, https:\/\/i0.wp.com\/pierrequiroulegarage.fr\/wp-content\/uploads\/2019\/07\/IMG_6575.jpg?resize=768%2C576&amp;ssl=1 768w, https:\/\/i0.wp.com\/pierrequiroulegarage.fr\/wp-content\/uploads\/2019\/07\/IMG_6575.jpg?resize=1024%2C768&amp;ssl=1 1024w, https:\/\/i0.wp.com\/pierrequiroulegarage.fr\/wp-content\/uploads\/2019\/07\/IMG_6575.jpg?resize=400%2C300&amp;ssl=1 400w, https:\/\/i0.wp.com\/pierrequiroulegarage.fr\/wp-content\/uploads\/2019\/07\/IMG_6575.jpg?resize=800%2C600&amp;ssl=1 800w, https:\/\/i0.wp.com\/pierrequiroulegarage.fr\/wp-content\/uploads\/2019\/07\/IMG_6575.jpg?resize=240%2C180&amp;ssl=1 240w, https:\/\/i0.wp.com\/pierrequiroulegarage.fr\/wp-content\/uploads\/2019\/07\/IMG_6575.jpg?w=1680&amp;ssl=1 1680w, https:\/\/i0.wp.com\/pierrequiroulegarage.fr\/wp-content\/uploads\/2019\/07\/IMG_6575.jpg?w=2520&amp;ssl=1 2520w\" sizes=\"(max-width: 840px) 100vw, 840px\" \/><\/figure><\/li><li class=\"wp-block-jetpack-slideshow_slide swiper-slide\"><figure><img data-recalc-dims=\"1\" loading=\"lazy\" decoding=\"async\" width=\"840\" height=\"840\" alt=\"\" class=\"wp-block-jetpack-slideshow_image wp-image-1452\" data-id=\"1452\" src=\"https:\/\/i0.wp.com\/pierrequiroulegarage.fr\/wp-content\/uploads\/2024\/07\/2-100.jpg?resize=840%2C840&#038;ssl=1\" srcset=\"https:\/\/i0.wp.com\/pierrequiroulegarage.fr\/wp-content\/uploads\/2024\/07\/2-100.jpg?w=1081&amp;ssl=1 1081w, https:\/\/i0.wp.com\/pierrequiroulegarage.fr\/wp-content\/uploads\/2024\/07\/2-100.jpg?resize=300%2C300&amp;ssl=1 300w, https:\/\/i0.wp.com\/pierrequiroulegarage.fr\/wp-content\/uploads\/2024\/07\/2-100.jpg?resize=1024%2C1024&amp;ssl=1 1024w, https:\/\/i0.wp.com\/pierrequiroulegarage.fr\/wp-content\/uploads\/2024\/07\/2-100.jpg?resize=150%2C150&amp;ssl=1 150w, https:\/\/i0.wp.com\/pierrequiroulegarage.fr\/wp-content\/uploads\/2024\/07\/2-100.jpg?resize=768%2C768&amp;ssl=1 768w, https:\/\/i0.wp.com\/pierrequiroulegarage.fr\/wp-content\/uploads\/2024\/07\/2-100.jpg?resize=800%2C800&amp;ssl=1 800w, https:\/\/i0.wp.com\/pierrequiroulegarage.fr\/wp-content\/uploads\/2024\/07\/2-100.jpg?resize=180%2C180&amp;ssl=1 180w, https:\/\/i0.wp.com\/pierrequiroulegarage.fr\/wp-content\/uploads\/2024\/07\/2-100.jpg?resize=50%2C50&amp;ssl=1 50w\" sizes=\"(max-width: 840px) 100vw, 840px\" \/><\/figure><\/li><li class=\"wp-block-jetpack-slideshow_slide swiper-slide\"><figure><img data-recalc-dims=\"1\" loading=\"lazy\" decoding=\"async\" width=\"840\" height=\"560\" alt=\"\" class=\"wp-block-jetpack-slideshow_image wp-image-200\" data-id=\"200\" src=\"https:\/\/i0.wp.com\/pierrequiroulegarage.fr\/wp-content\/uploads\/2019\/03\/delorean-004.jpg?resize=840%2C560&#038;ssl=1\" srcset=\"https:\/\/i0.wp.com\/pierrequiroulegarage.fr\/wp-content\/uploads\/2019\/03\/delorean-004.jpg?w=1100&amp;ssl=1 1100w, https:\/\/i0.wp.com\/pierrequiroulegarage.fr\/wp-content\/uploads\/2019\/03\/delorean-004.jpg?resize=300%2C200&amp;ssl=1 300w, https:\/\/i0.wp.com\/pierrequiroulegarage.fr\/wp-content\/uploads\/2019\/03\/delorean-004.jpg?resize=768%2C512&amp;ssl=1 768w, https:\/\/i0.wp.com\/pierrequiroulegarage.fr\/wp-content\/uploads\/2019\/03\/delorean-004.jpg?resize=1024%2C682&amp;ssl=1 1024w, https:\/\/i0.wp.com\/pierrequiroulegarage.fr\/wp-content\/uploads\/2019\/03\/delorean-004.jpg?resize=800%2C533&amp;ssl=1 800w, https:\/\/i0.wp.com\/pierrequiroulegarage.fr\/wp-content\/uploads\/2019\/03\/delorean-004.jpg?resize=270%2C180&amp;ssl=1 270w\" sizes=\"(max-width: 840px) 100vw, 840px\" \/><\/figure><\/li><li class=\"wp-block-jetpack-slideshow_slide swiper-slide\"><figure><img data-recalc-dims=\"1\" loading=\"lazy\" decoding=\"async\" width=\"840\" height=\"560\" alt=\"\" class=\"wp-block-jetpack-slideshow_image wp-image-181\" data-id=\"181\" src=\"https:\/\/i0.wp.com\/pierrequiroulegarage.fr\/wp-content\/uploads\/2019\/03\/pacer-002.jpg?resize=840%2C560&#038;ssl=1\" srcset=\"https:\/\/i0.wp.com\/pierrequiroulegarage.fr\/wp-content\/uploads\/2019\/03\/pacer-002.jpg?w=1100&amp;ssl=1 1100w, https:\/\/i0.wp.com\/pierrequiroulegarage.fr\/wp-content\/uploads\/2019\/03\/pacer-002.jpg?resize=300%2C200&amp;ssl=1 300w, https:\/\/i0.wp.com\/pierrequiroulegarage.fr\/wp-content\/uploads\/2019\/03\/pacer-002.jpg?resize=768%2C512&amp;ssl=1 768w, https:\/\/i0.wp.com\/pierrequiroulegarage.fr\/wp-content\/uploads\/2019\/03\/pacer-002.jpg?resize=1024%2C682&amp;ssl=1 1024w, https:\/\/i0.wp.com\/pierrequiroulegarage.fr\/wp-content\/uploads\/2019\/03\/pacer-002.jpg?resize=800%2C533&amp;ssl=1 800w, https:\/\/i0.wp.com\/pierrequiroulegarage.fr\/wp-content\/uploads\/2019\/03\/pacer-002.jpg?resize=270%2C180&amp;ssl=1 270w\" sizes=\"(max-width: 840px) 100vw, 840px\" \/><\/figure><\/li><\/ul><a class=\"wp-block-jetpack-slideshow_button-prev swiper-button-prev swiper-button-white\" role=\"button\"><\/a><a class=\"wp-block-jetpack-slideshow_button-next swiper-button-next swiper-button-white\" role=\"button\"><\/a><a aria-label=\"Pause Slideshow\" class=\"wp-block-jetpack-slideshow_button-pause\" role=\"button\"><\/a><div class=\"wp-block-jetpack-slideshow_pagination swiper-pagination swiper-pagination-white\"><\/div><\/div><\/div>\n","protected":false},"excerpt":{"rendered":"<p>&nbsp; Apr\u00e8s avoir \u00e9t\u00e9 m\u00e9canicien et \u00e9lectricien dans la comp\u00e9tition automobile pendant plus de 15 ans, Pierre, entretient, r\u00e9pare et r\u00e9nove des v\u00e9hicules avec passion et enthousiasme. Vous \u00eates propri\u00e9taire d&rsquo;un v\u00e9hicule ancien ou d&rsquo;une Mini essence, et vous recherchez un m\u00e9canicien sp\u00e9cialis\u00e9 pour l&rsquo;entretien et la r\u00e9paration de votre voiture ? Vous d\u00e9sirez faire&hellip;<\/p>\n","protected":false},"author":1,"featured_media":0,"parent":0,"menu_order":50,"comment_status":"closed","ping_status":"closed","template":"page-templates\/portfolio-page.php","meta":{"jetpack_post_was_ever_published":false,"footnotes":""},"class_list":["post-7","page","type-page","status-publish","hentry","empty-entry-meta"],"jetpack_sharing_enabled":true,"jetpack_shortlink":"https:\/\/wp.me\/PaIq2X-7","jetpack-related-posts":[{"id":9,"url":"https:\/\/pierrequiroulegarage.fr\/index.php\/contact\/","url_meta":{"origin":7,"position":0},"title":"Contact","author":"admin4984","date":"13 f\u00e9vrier 2019","format":false,"excerpt":"\u00a0 Que faire ? Il n'y a plus qu'\u00e0 nous appeler au 0675710107 ou \u00e0 prendre votre plus belle plume et nous \u00e9crire \u00e0 cette adresse hello@pierrequiroulegarage.fr\u00a0afin de nous retrouver sur rendez-vous au 42 chemin de la Dame Verte \u00e0 Quinsac 33360.","rel":"","context":"Article similaire","block_context":{"text":"Article similaire","link":""},"img":{"alt_text":"","src":"https:\/\/i0.wp.com\/pierrequiroulegarage.fr\/wp-content\/uploads\/2019\/10\/T5X8527.jpg?resize=350%2C200&ssl=1","width":350,"height":200,"srcset":"https:\/\/i0.wp.com\/pierrequiroulegarage.fr\/wp-content\/uploads\/2019\/10\/T5X8527.jpg?resize=350%2C200&ssl=1 1x, https:\/\/i0.wp.com\/pierrequiroulegarage.fr\/wp-content\/uploads\/2019\/10\/T5X8527.jpg?resize=525%2C300&ssl=1 1.5x, https:\/\/i0.wp.com\/pierrequiroulegarage.fr\/wp-content\/uploads\/2019\/10\/T5X8527.jpg?resize=700%2C400&ssl=1 2x, https:\/\/i0.wp.com\/pierrequiroulegarage.fr\/wp-content\/uploads\/2019\/10\/T5X8527.jpg?resize=1050%2C600&ssl=1 3x, https:\/\/i0.wp.com\/pierrequiroulegarage.fr\/wp-content\/uploads\/2019\/10\/T5X8527.jpg?resize=1400%2C800&ssl=1 4x"},"classes":[]},{"id":8,"url":"https:\/\/pierrequiroulegarage.fr\/index.php\/a-propos-de\/","url_meta":{"origin":7,"position":1},"title":"La page Cambouis","author":"admin4984","date":"13 f\u00e9vrier 2019","format":false,"excerpt":"Bah dit donc, il y \u00a0en a des bidules, des truc et des choses et des machins .... Retrouvez P\u00eale-m\u00eale de la Delorean, de la Jeep, de l'Arola, du Combi (VW), de la Mini du J5 Dangel de la Porsche et m\u00eame du Solex !","rel":"","context":"Article similaire","block_context":{"text":"Article similaire","link":""},"img":{"alt_text":"","src":"https:\/\/i0.wp.com\/pierrequiroulegarage.fr\/wp-content\/uploads\/2019\/03\/Chaine-de-912-1965416103-1553173610510.jpg?fit=615%2C250&ssl=1&resize=350%2C200","width":350,"height":200,"srcset":"https:\/\/i0.wp.com\/pierrequiroulegarage.fr\/wp-content\/uploads\/2019\/03\/Chaine-de-912-1965416103-1553173610510.jpg?fit=615%2C250&ssl=1&resize=350%2C200 1x, https:\/\/i0.wp.com\/pierrequiroulegarage.fr\/wp-content\/uploads\/2019\/03\/Chaine-de-912-1965416103-1553173610510.jpg?fit=615%2C250&ssl=1&resize=525%2C300 1.5x"},"classes":[]}],"_links":{"self":[{"href":"https:\/\/pierrequiroulegarage.fr\/index.php\/wp-json\/wp\/v2\/pages\/7","targetHints":{"allow":["GET"]}}],"collection":[{"href":"https:\/\/pierrequiroulegarage.fr\/index.php\/wp-json\/wp\/v2\/pages"}],"about":[{"href":"https:\/\/pierrequiroulegarage.fr\/index.php\/wp-json\/wp\/v2\/types\/page"}],"author":[{"embeddable":true,"href":"https:\/\/pierrequiroulegarage.fr\/index.php\/wp-json\/wp\/v2\/users\/1"}],"replies":[{"embeddable":true,"href":"https:\/\/pierrequiroulegarage.fr\/index.php\/wp-json\/wp\/v2\/comments?post=7"}],"version-history":[{"count":22,"href":"https:\/\/pierrequiroulegarage.fr\/index.php\/wp-json\/wp\/v2\/pages\/7\/revisions"}],"predecessor-version":[{"id":1457,"href":"https:\/\/pierrequiroulegarage.fr\/index.php\/wp-json\/wp\/v2\/pages\/7\/revisions\/1457"}],"wp:attachment":[{"href":"https:\/\/pierrequiroulegarage.fr\/index.php\/wp-json\/wp\/v2\/media?parent=7"}],"curies":[{"name":"wp","href":"https:\/\/api.w.org\/{rel}","templated":true}]}}